485.
363
What is the remainder when 3755 is divided by 26?
11
Calculate the remainder when 2405 is divided by 550.
205
Calculate the remainder when 39891 is divided by 7885.
466
Calculate the remainder when 21573 is divided by 469.
468
Calculate the remainder when 4641 is divided by 145.
1
What is the remainder when 60028 is divided by 145?
143
Calculate the remainder when 364 is divided by 215.
149
Calculate the remainder when 458094 is divided by 111.
108
Calculate the remainder when 1103 is divided by 996.
107
What is the remainder when 82290 is divided by 34?
10
What is the remainder when 3832 is divided by 113?
103
Calculate the remainder when 21704 is divided by 318.
80
Calculate the remainder when 27863 is divided by 568.
31
Calculate the remainder when 48800 is divided by 1084.
20
Calculate the remainder when 14633 is divided by 14478.
155
What is the remainder when 4016 is divided by 74?
20
What is the remainder when 1164 is divided by 1156?
8
What is the remainder when 362650 is divided by 15?
10
Calculate the remainder when 12274 is divided by 2678.
1562
What is the remainder when 209644 is divided by 114?
112
Calculate the remainder when 18642 is divided by 6.
0
What is the remainder when 9008 is divided by 566?
518
Calculate the remainder when 1073444 is divided by 22839.
11
What is the remainder when 26869 is divided by 5?
4
Calculate the remainder when 105378 is divided by 11.
9
What is the remainder when 176043 is divided by 78?
75
Calculate the remainder when 685272 is divided by 15.
12
What is the remainder when 20940 is divided by 20920?
20
What is the remainder when 22261 is divided by 166?
17
Calculate the remainder when 1288349 is divided by 13.
10
Calculate the remainder when 42363 is divided by 3851.
2
Calculate the remainder when 17414 is divided by 60.
14
What is the remainder when 10579 is divided by 4813?
953
Calculate the remainder when 9179788 is divided by 937.
936
What is the remainder when 8271 is divided by 2550?
621
What is the remainder when 72861 is divided by 49?
47
What is the remainder when 4658 is divided by 63?
59
Calculate the remainder when 3775343 is divided by 35.
33
Calculate the remainder when 2097087 is divided by 248.
247
What is the remainder when 3079 is divided by 146?
13
Calculate the remainder when 913 is divided by 729.
184
What is the remainder when 27731 is divided by 283?
280
What is the remainder when 10000 is divided by 61?
57
Calculate the remainder when 1025231 is divided by 403.
402
What is the remainder when 46557 is divided by 789?
6
What is the remainder when 252438 is divided by 3?
0
Calculate the remainder when 11156 is divided by 2786.
12
What is the remainder when 4928 is divided by 1594?
146
What is the remainder when 13117 is divided by 1632?
61
Calculate the remainder when 1626 is divided by 168.
114
Calculate the remainder when 150958 is divided by 17.
15
Calculate the remainder when 7795898 is divided by 245.
243
What is the remainder when 798 is divided by 54?
42
Calculate the remainder when 117885 is divided by 64.
61
What is the remainder when 73078 is divided by 116?
114
Calculate the remainder when 29452 is divided by 1961.
37
What is the remainder when 106633 is divided by 55?
43
Calculate the remainder when 22056 is divided by 22.
12
Calculate the remainder when 3764 is divided by 1240.
44
What is the remainder when 169 is divided by 73?
23
What is the remainder when 146020 is divided by 151?
3
Calculate the remainder when 22136 is divided by 442.
36
What is the remainder when 341571 is divided by 42?
27
What is the remainder when 34794 is divided by 2079?
1530
What is the remainder when 394910 is divided by 23?
0
What is the remainder when 52356 is divided by 804?
96
Calculate the remainder when 4175 is divided by 967.
307
What is the remainder when 2643 is divided by 900?
843
What is the remainder when 1692 is divided by 225?
117
What is the remainder when 8471 is divided by 22?
1
Calculate the remainder when 1009 is divided by 405.
199
What is the remainder when 111959 is divided by 90?
89
Calculate the remainder when 4051 is divided by 1345.
16
What is the remainder when 6525 is divided by 1306?
1301
What is the remainder when 27873 is divided by 163?
0
What is the remainder when 16587 is divided by 268?
239
Calculate the remainder when 219884 is divided by 36.
32
What is the remainder when 31456 is divided by 147?
145
What is the remainder when 213 is divided by 173?
40
Calculate the remainder when 2725 is divided by 901.
22
What is the remainder when 275530 is divided by 45?
40
Calculate the remainder when 696 is divided by 674.
22
What is the remainder when 2821 is divided by 757?
550
Calculate the remainder when 15803 is divided by 343.
25
What is the remainder when 150 is divided by 43?
21
What is the remainder when 383491 is divided by 38?
33
What is the remainder when 6608 is divided by 166?
134
What is the remainder when 2644 is divided by 221?
213
What is the remainder when 9241 is divided by 57?
7
What is the remainder when 17855 is divided by 341?
123
Calculate the remainder when 5899 is divided by 653.
22
Calculate the remainder when 70435 is divided by 11732.
43
What is the remainder when 3838 is divided by 2216?
1622
What is the remainder when 961 is divided by 378?
205
What is the remainder when 1283538 is divided by 116?
114
Calculate the remainder when 32406 is divided by 150.
6
Calculate the remainder when 590315 is divided by 8.
3
Calculate the remainder when 8230 is divided by 903.
103
Calculate the remainder when 172133 is divided by 755.
748
Calculate the remainder when 2314 is divided by 12.
10
What is the remainder when 22352 is divided by 3724?
8
What is the remainder when 1330 is divided by 154?
98
Calculate the remainder when 137139 is divided by 6530.
9
What is the remainder when 2181 is divided by 712?
45
Calculate the remainder when 1594 is divided by 709.
176
Calculate the remainder when 40008 is divided by 20001.
6
What is the remainder when 64713 is divided by 56?
33
Calculate the remainder when 33018 is divided by 79.
75
Calculate the remainder when 6866 is divided by 82.
60
What is the remainder when 62319 is divided by 45?
39
What is the remainder when 304987 is divided by 115?
7
What is the remainder when 7208 is divided by 16?
8
What is the remainder when 474034 is divided by 1145?
4
Calculate the remainder when 65737 is divided by 380.
377
What is the remainder when 381842 is divided by 57?
56
Calculate the remainder when 11072 is divided by 113.
111
Calculate the remainder when 4684 is divided by 24.
4
Calculate the remainder when 554998 is divided by 125.
123
Calculate the remainder when 3891 is divided by 1745.
401
What is the remainder when 1940 is divided by 305?
110
What is the remainder when 21897 is divided by 39?
18
Calculate the remainder when 2122 is divided by 162.
16
What is the remainder when 908 is divided by 48?
44
What is the remainder when 94438 is divided by 86?
10
What is the remainder when 83627 is divided by 18?
17
Calculate the remainder when 367833 is divided by 5.
3
Calculate the remainder when 21118 is divided by 480.
478
What is the remainder when 235 is divided by 68?
31
Calculate the remainder when 1244 is divided by 1071.
173
What is the remainder when 80290 is divided by 168?
154
Calculate the remainder when 14487 is divided by 42.
39
Calculate the remainder when 181130 is divided by 125.
5
What is the remainder when 2172 is divided by 2139?
33
Calculate the remainder when 2584 is divided by 1136.
312
What is the remainder when 89317 is divided by 280?
277
Calculate the remainder when 90111 is divided by 509.
18
Calculate the remainder when 6364 is divided by 155.
9
What is the remainder when 338 is divided by 80?
18
Calculate the remainder when 4431 is divided by 6.
3
Calculate the remainder when 61718 is divided by 61700.
18
What is the remainder when 3658 is divided by 26?
18
Calculate the remainder when 32477 is divided by 357.
347
Calculate the remainder when 126765 is divided by 3426.
3
What is the remainder when 4775349 is divided by 2532?
2529
What is the remainder when 277848 is divided by 3517?
5
Calculate the remainder when 72365 is divided by 94.
79
Calculate the remainder